6 divide 52520?
True
Is 23295 even?
False
Does 45 divide 4924733?
False
Is 49 a factor of 4401474?
True
Is 12 a factor of 109296?
True
Is 1149640 a multiple of 286?
False
Is 262 a factor of 1084942?
True
Is 24422 even?
True
Is 17 a factor of 4501772?
False
Does 119 divide 6146707?
True
Does 5 divide 46375?
True
Does 37 divide 1991627?
False
Is 40 a factor of 37240?
True
Does 1016 divide 2022513?
False
Is 696063 a multiple of 155?
False
Does 9 divide 54200?
False
Does 10 divide 130380?
True
Does 210 divide 1973370?
True
Does 7 divide 1932?
True
Is 68 a factor of 328304?
True
Is 25 a factor of 26854?
False
Is 2492251 a multiple of 92?
False
Is 89 a factor of 13882?
False
Is 4 a factor of 48864?
True
Is 554410 a multiple of 6?
False
Does 13 divide 8944?
True
Is 29 a factor of 2105191?
False
Is 7 a factor of 56847?
True
Is 1358136 a multiple of 78?
True
Is 3493205 a multiple of 473?
False
Is 119187 a multiple of 369?
True
Does 12 divide 1580574?
False
Is 1921578 a multiple of 105?
False
Does 230 divide 1342280?
True
Is 30 a factor of 17276197?
False
Is 11 a factor of 657683?
False
Is 220 a factor of 780202?
False
Does 174 divide 67512?
True
Does 67 divide 185590?
True
Is 126741 a multiple of 249?
True
Does 112 divide 17042605?
False
Does 756 divide 16527129?
False
Is 24 a factor of 59424?
True
Is 7183673 a multiple of 14?
False
Is 6 a factor of 2231195?
False
Is 254044 a multiple of 169?
False
Does 19 divide 15884?
True
Is 17 a factor of 16332534?
False
Is 89904 a multiple of 7?
False
Is 425 a factor of 310669?
False
Does 40 divide 1779060?
False
Is 19 a factor of 766232?
True
Is 338151 a multiple of 19?
False
Is 144 a factor of 194976?
True
Is 280 a factor of 7057323?
False
Is 180 a factor of 3796380?
True
Does 44 divide 6410228?
True
Does 129 divide 3485451?
True
Does 16 divide 14899493?
False
Does 61 divide 759854?
False
Does 81 divide 168237?
True
Is 14267964 a multiple of 32?
False
Is 6800 a multiple of 272?
True
Does 40 divide 264702?
False
Is 2591414 a multiple of 14?
True
Is 36 a factor of 50084?
False
Is 96683 a multiple of 21?
False
Does 165 divide 188265?
True
Is 792036 a multiple of 3?
True
Does 125 divide 1390789?
False
Is 38474 a multiple of 7?
False
Does 595 divide 1972425?
True
Is 6517 a multiple of 49?
True
Does 2 divide 1068?
True
Is 20638321 a multiple of 11?
True
Is 105 a factor of 6019545?
True
Is 6 a factor of 3109616?
False
Is 23 a factor of 641585?
True
Is 93 a factor of 4808782?
False
Is 179 a factor of 2154444?
True
Is 11101632 a multiple of 1072?
True
Does 9 divide 57807?
True
Is 6 a factor of 2824104?
True
Is 725 a factor of 3688075?
True
Is 89207 a multiple of 37?
True
Does 502 divide 1725507?
False
Is 19 a factor of 49229?
True
Is 248 a factor of 142600?
True
Is 43 a factor of 5701349?
False
Does 87 divide 262218?
True
Does 20 divide 112100?
True
Is 9571225 a multiple of 25?
True
Does 182 divide 85169?
False
Is 8997740 a multiple of 2165?
True
Is 10 a factor of 838189?
False
Does 64 divide 173504?
True
Does 188 divide 1863832?
True
Does 9 divide 32012?
False
Is 193965 a multiple of 5?
True
Is 979815 a multiple of 1339?
False
Is 592942 a multiple of 82?
True
Does 215 divide 330857?
False
Is 43871 a multiple of 19?
True
Is 366 a factor of 757617?
False
Does 702 divide 4246604?
False
Is 54 a factor of 2637605?
False
Is 686160 a multiple of 72?
True
Does 127 divide 202057?
True
Is 61 a factor of 105396?
False
Is 362515 a multiple of 29?
False
Is 39 a factor of 487826?
False
Is 146 a factor of 37498?
False
Does 60 divide 75840?
True
Is 462 a factor of 116587?
False
Is 253 a factor of 617320?
True
Is 21 a factor of 20224?
False
Is 290615 a multiple of 65?
True
Is 183 a factor of 354133?
False
Is 9 a factor of 23063662?
False
Does 558 divide 5990130?
True
Is 12 a factor of 33922?
False
Is 9 a factor of 126707?
False
Is 233468 a multiple of 6?
False
Is 11 a factor of 643959?
False
Does 5 divide 17133?
False
Is 23 a factor of 1552247?
True
Is 4386606 a multiple of 478?
True
Does 43 divide 4556925?
True
Does 3 divide 51395?
False
Is 57010 a multiple of 5?
True
Is 610 a factor of 6145140?
True
Is 43 a factor of 1250983?
False
Is 1014 a factor of 29229240?
False
Is 1691895 a multiple of 84?
False
Is 2184 a multiple of 3?
True
Does 109 divide 3952340?
True
Is 69768 a multiple of 68?
True
Is 22 a factor of 695223?
False
Does 17 divide 13002?
False
Does 203 divide 898681?
True
Is 1138811 a multiple of 16?
False
Does 26 divide 7977398?
True
Is 164242 a multiple of 13?
True
Does 11 divide 17878168?
True
Does 705 divide 1841460?
True
Is 7 a factor of 3748745?
True
Is 1263 a factor of 588558?
True
Is 85712 a multiple of 16?
True
Does 830 divide 166809?
False
Does 535 divide 1658500?
True
Does 56 divide 65016?
True
Is 230 a factor of 7385530?
True
Is 3758333 a multiple of 37?
False
Is 139 a factor of 1467888?
False
Does 38 divide 148656?
True
Does 23 divide 361689?
False
Does 41 divide 138621?
True
Does 15 divide 567900?
True
Does 45 divide 4019040?
True
Is 56 a factor of 3341464?
True
Does 14 divide 44646?
True
Is 14 a factor of 1266508?
False
Does 18 divide 126828?
True
Is 3091158 a multiple of 2?
True
Is 1632942 a multiple of 9?
True
Is 711 a factor of 2479760?
False
Does 6 divide 2610?
True
Does 673 divide 2725650?
True
Is 9 a factor of 801963?
True
Is 62847 a multiple of 12?
False
Is 28300 a multiple of 10?
True
Is 297 a factor of 602718?
False
Is 186 a factor of 842766?
True
Is 189228 a multiple of 7?
False
Is 2427620 a multiple of 28?
False
Is 392 a factor of 241864?
True
Does 9 divide 17923927?
False
Is 2142 a multiple of 42?
True
Is 45 a factor of 10890?
True
Is 50524 a multiple of 6?
False
Is 60 a factor of 136620?
True
Is 626076 a multiple of 17?
True
Does 123 divide 791783?
False
Is 2749725 a multiple of 303?
True
Is 12 a factor of 147402?
False
Does 30 divide 88020?
True
Is 14542 a multiple of 5?
False
Is 6 a factor of 44392?
False
Does 50 divide 794976?
False
Is 99207 a multiple of 15?
False
Is 13293096 a multiple of 12?
True
Is 570640 a multiple of 70?
True
Is 1936425 a multiple of 75?
True
Is 420387 a multiple of 11?
True
Does 37 divide 114428?
False
Is 13 a factor of 31185?
False
Is 25 a factor of 2139635?
False
Does 10 divide 3605880?
True
Is 1786774 a multiple of 8?
False
Is 1211 a factor of 3617601?
False
Does 901 divide 8004484?
True
Is 540 a factor of 2795040?
True
Is 5 a factor of 1985300?
True
Is 297075 a multiple of 233?
True
Is 127 a factor of 284127?
False
Is 16 a factor of 971505?
False
Does 8 divide 129091?
False
Is 178825 a multiple of 311?
True
Does 35 divide 115126?
False
Does 335 divide 981885?
True
Does 556 divide 2662128?
True
Is 232892 a multiple of 211?
False
Is 109449 a multiple of 47?
False
Is 135 a factor of 6420465?
True
Is 11035704 a multiple of 69?
False
Is 18 a factor of 4320?
True
Is 1822706 a multiple of 114?
False
Does 64 divide 7737758?
False
Does 5 divide 200725?
True
Is 1928224 a multiple of 32?
True
Does 181 divide 1786?
False
Does 20 divide 813002?
False
Is 234156 a multiple of 316?
True
Is 450 a factor of 1894950?
True
Is 29 a factor of 175102?
True
Is 1655008 a multiple of 32?
True
Is 535 a factor of 480965?
True
Is 116881 a multiple of 77?
False
Does 6 divide 11220444?
True
Does 75 divide 1605?
False
Is 4 a factor of 155879?
False
Is 1355760 a multiple of 8?
True
Is 23 a factor of 107479?
True
Does 390 divide 7901400?
True
Is 74 a factor of 104044?
True
Is 77 a factor of 80927?
True
Does 75 divide 7312174?
False
Is 1303392 a multiple of 674?
False
Is 95 a factor of 1057540?
True
Is 228844 a multiple of 301?
False
Is 124 a factor of 182417?
False
Is 4893430 a multiple of 201?
False
Is 137 a factor of 213035?
True
Is 1006740 a multiple of 204?
True
Is 147018 a multiple of 4?
False
Does 188 divide 25007384?
True
Does 53 divide 3740771?
False
Is 209 a factor of 130381?
False
Does 20 divide 63628?
False
Is 151810 a multiple of 17?
True
Is 59 a factor of 150568?
True
Does 213 divide 4965669?
True
Does 98 divide 1691646?
False
Is 17 a factor of 23815?
False
Is 432 a factor of 127463?
False
Does 26 divide 2026622?
True
Is 762 a factor of 410718?
True
Does 108 divide 369207?
False
Is 3763280 a multiple of 262?
False
Is 9874560 a multiple of 222?
True
Does 98 divide 4639712?
True
Does 456